2
In base 9, what is 1480357 - 2?
1480355
In base 8, what is -5 + 1145071?
1145064
In base 8, what is -15013 - -120?
-14673
In base 12, what is 3548 - 2?
3546
In base 16, what is 915f - -2?
9161
In base 10, what is -55 + -21883?
-21938
In base 6, what is 1 + -153303?
-153302
In base 13, what is 31 + -17?
17
In base 10, what is 28 + -172?
-144
In base 13, what is 182b1 + 1?
182b2
In base 7, what is 4604 + -456?
4115
In base 4, what is -1200232 + 1?
-1200231
In base 12, what is 31291 - 4?
31289
In base 6, what is -24 - -535504?
535440
In base 8, what is -25032 + 23?
-25007
In base 14, what is -11671 + -27?
-11698
In base 6, what is -11035 + -20?
-11055
In base 9, what is 26 - 752?
-725
In base 7, what is 206132 + 11?
206143
In base 9, what is 3665 + -52?
3613
In base 15, what is -675 - 19a?
-820
In base 12, what is -1652 - -13?
-163b
In base 12, what is 2ab2 + -46?
2a68
In base 5, what is 2042 + -1230?
312
In base 4, what is 11232223010 - 0?
11232223010
In base 9, what is -1 - 2161787?
-2161788
In base 2, what is -1100 + 1000010101101?
1000010100001
In base 7, what is -32050 - 236?
-32316
In base 4, what is -13201320 + -312?
-13202232
In base 9, what is 127638 - 4?
127634
In base 7, what is -6 - 13163?
-13202
In base 16, what is 1b8 + -323?
-16b
In base 13, what is 15 + 1b1c0?
1b205
In base 5, what is -131233 - -103?
-131130
In base 2, what is 110001001100110 - 1110?
110001001011000
In base 10, what is -2 + -27078?
-27080
In base 6, what is -505 - 142411?
-143320
In base 7, what is -102 + -10316?
-10421
In base 12, what is 579 - 370?
209
In base 14, what is -5 - -c6c3b?
c6c36
In base 12, what is -16b - -5?
-166
In base 15, what is -24e - 11b?
-36a
In base 8, what is -11 + -7721?
-7732
In base 6, what is 22542 - 123?
22415
In base 8, what is -6532616 + -5?
-6532623
In base 8, what is 272011 + -1?
272010
In base 15, what is 2522a + -1?
25229
In base 3, what is 11011 - 200120?
-112102
In base 13, what is 1830 - ab?
1752
In base 4, what is -12 + 1200000?
1133322
In base 2, what is 11 + 1100100010101?
1100100011000
In base 15, what is -899161 - 5?
-899166
In base 3, what is -1 + 122022002220?
122022002212
In base 7, what is -5 - -26462?
26454
In base 15, what is -a0 - -787?
6d7
In base 10, what is -13 + -19832?
-19845
In base 8, what is -365607 - -1?
-365606
In base 6, what is -14 - -155345?
155331
In base 6, what is 5025042 + 11?
5025053
In base 15, what is -55b0 - -5?
-55aa
In base 14, what is -5 + c67?
c62
In base 13, what is -3 - 3937?
-393a
In base 9, what is -5 + -146376?
-146382
In base 16, what is 2fa4 + -6c?
2f38
In base 9, what is 262428 + 7?
262436
In base 10, what is -5 + -9034?
-9039
In base 6, what is -304 - 121455?
-122203
In base 4, what is 10 + 1001313222?
1001313232
In base 5, what is 102322 + -3?
102314
In base 8, what is 11534 + 3?
11537
In base 2, what is -11100101001010 + 110?
-11100101000100
In base 2, what is -100010 - 11000011011?
-11000111101
In base 8, what is 15 + 30540?
30555
In base 7, what is -426646 - 5?
-426654
In base 13, what is 1 - -219708?
219709
In base 2, what is -101 + -101000111010000000?
-101000111010000101
In base 6, what is -2503354 + 33?
-2503321
In base 6, what is -14 - -253403?
253345
In base 15, what is -6b70 - -17?
-6b58
In base 13, what is -27580 + 59?
-27524
In base 11, what is 2826 - -1822?
4548
In base 13, what is -3b + -3cc?
-43a
In base 7, what is -654 - 25?
-1012
In base 2, what is 10110010101001101100 - 0?
10110010101001101100
In base 9, what is 163 - 520?
-346
In base 7, what is 4 - 3416651?
-3416644
In base 5, what is 24 - 4333?
-4304
In base 16, what is 20 + -2347?
-2327
In base 15, what is -885b + 5?
-8856
In base 14, what is -bc9 - -141?
-a88
In base 7, what is -5620 - -246?
-5341
In base 14, what is 53 - 3827?
-37b4
In base 2, what is 101100001110100 + 100011?
101100010010111
In base 7, what is 52611 + -23?
52555
In base 2, what is 0 - 10110110110110?
-10110110110110
In base 8, what is 121 - -34463?
34604
In base 14, what is -1ad45 + 27?
-1ad1c
In base 12, what is 17a4 - -154?
1938
In base 3, what is 2112 - 20212?
-11100
In base 10, what is -185 - 154?
-339
In base 15, what is 1940b - 0?
1940b
In base 14, what is 77d1a1 + 5?
77d1a6
In base 3, what is -20112120221 - -2?
-20112120212
In base 12, what is 184ba + -2?
184b8
In base 9, what is -40 + -42074?
-42124
In base 2, what is 101001011000111 - -10101?
101001011011100
In base 9, what is -340643 - 1?
-340644
In base 8, what is -3046 - -2034?
-1012
In base 12, what is 5 - 426ba?
-426b5
In base 6, what is 5455 + -1?
5454
In base 10, what is -142465 - 16?
-142481
In base 14, what is 2 - -3255?
3257
In base 7, what is -12 - 2564?
-2606
In base 9, what is 4 + -74585?
-74581
In base 14, what is -5b5c + 10?
-5b4c
In base 13, what is 8 - 6c28?
-6c20
In base 12, what is -113 - -840?
729
In base 12, what is -12045 - 3?
-12048
In base 14, what is -34 - -d92?
d5c
In base 12, what is -168 - -81?
-a7
In base 2, what is -11011 - -100110001000?
100101101101
In base 11, what is 50097 - 3?
50094
In base 3, what is 1112 - 101210022?
-101201210
In base 13, what is -5 - 359b1?
-359b6
In base 7, what is -220340 - 0?
-220340
In base 5, what is 133 - -1231210?
1231343
In base 8, what is -43435 + 6?
-43427
In base 5, what is -10 - -143110143?
143110133
In base 8, what is 21 + -7113?
-7072
In base 3, what is 11 + -22202201?
-22202120
In base 4, what is 11103 + -20002?
-2233
In base 3, what is -2021 - -11?
-2010
In base 12, what is -23 - 7136?
-7159
In base 12, what is -84 - 32?
-b6
In base 7, what is 4 + -531040?
-531033
In base 8, what is 4 - 1657076?
-1657072
In base 8, what is 431 + -1267?
-636
In base 16, what is 1 + -16e51?
-16e50
In base 12, what is -1449 + 4?
-1445
In base 7, what is 2 + 1551104?
1551106
In base 6, what is -110 + -535?
-1045
In base 2, what is 101001101001110 - -10?
101001101010000
In base 16, what is 2735 + -8a?
26ab
In base 13, what is 455 - 31?
424
In base 7, what is 20246223 - -4?
20246230
In base 7, what is 432 - 5043?
-4311
In base 10, what is -48 + -71173?
-71221
In base 15, what is 0 + -398e?
-398e
In base 2, what is -10 + -11110111101?
-11110111111
In base 12, what is -11 + 49b?
48a
In base 5, what is 4022434 + 21?
4023010
In base 2, what is 11110000 + 111100?
100101100
In base 6, what is -4 + -5251330?
-5251334
In base 11, what is 4 + -1340?
-1337
In base 6, what is 152 - 35102?
-34510
In base 5, what is -1200331403 + -1?
-1200331404
In base 11, what is -12 - -1050?
1039
In base 9, what is -37888 + 2?
-37886
In base 12, what is -215a + b?
-214b
In base 3, what is 112 + 1020220?
1021102
In base 8, what is -540 + 10?
-530
In base 2, what is 10111110111010110 + 101?
10111110111011011
In base 13, what is -17821 + 21?
-17800
In base 4, what is 110000 + 2030?
112030
In base 8, what is 14142 - -112?
14254
In base 10, what is -52 + -18?
-70
In base 8, what is -5 + 540452?
540445
In base 11, what is 177 + -86?
a1
In base 6, what is 11000042 + 2?
11000044
In base 16, what is 2d - b89?
-b5c
In base 5, what is -434 - 10411?
-11400
In base 14, what is -4 - 2b675?
-2b679
In base 14, what is -278 + 21?
-257
In base 13, what is 1c94 + 245?
2209
In base 5, what is -2441 + -23?
-3014
In base 14, what is 4 + c03?
c07
In base 15, what is 2c62 + 5?
2c67
In base 4, what is -210222 - -11?
-210211
In base 7, what is 1326 - -640?
2266
In base 2, what is 1001011001101010 + 0?
1001011001101010
In base 12, what is -6 + -259?
-263
In base 15, what is c + -35322?
-35315
In base 5, what is -333210141 - -1?
-333210140
In base 16, what is 14b9 - -9?
14c2
In base 15, what is 10b - -10b7?
11c3
In base 3, what is -10100011011220 + 1?
-10100011011212
In base 14, what is 2d275 - 1?
2d274
In base 12, what is 9 + -1118?
-110b
In base 2, what is 1010 + 11011100001100111101?
11011100001101000111
In base 16, what is 65 - 5819?
-57b4
In base 14, what is -6d8 - 108?
-802
In base 4, what is 100 - 22230?
-22130
In base 7, what is -1344250 - 2?
-1344252
In base 5, what is 11 + 1120042?
1120103
In base 6, what is 10 + 1503231?
1503241
In base 5, what is 134404 - -31?
134440
In base 5, what is -243211044 + -10?
-243211104
In base 8, what is 46712 + -1?
46711
In base 9, what is -1275 - -58?
-1216
In base 11, what is -283aa2 - -1?
-283aa1
In base 14, what is -7d + 415?
376
In b